{"id":135,"date":"2025-02-11T16:15:17","date_gmt":"2025-02-11T16:15:17","guid":{"rendered":"https:\/\/wli.online\/?page_id=135"},"modified":"2025-02-12T10:24:59","modified_gmt":"2025-02-12T10:24:59","slug":"silikone","status":"publish","type":"page","link":"https:\/\/wli.online\/index.php\/silikone\/","title":{"rendered":"Silikone"},"content":{"rendered":"\t\t<div data-elementor-type=\"wp-page\" data-elementor-id=\"135\" class=\"elementor elementor-135\">\n\t\t\t\t<div class=\"elementor-element elementor-element-5ca6715 e-flex e-con-boxed e-con e-parent\" data-id=\"5ca6715\" data-element_type=\"container\" data-settings=\"{&quot;background_background&quot;:&quot;classic&quot;}\">\n\t\t\t\t\t<div class=\"e-con-inner\">\n\t\t\t\t<div class=\"elementor-element elementor-element-24433b3 elementor-widget elementor-widget-text-editor\" data-id=\"24433b3\" data-element_type=\"widget\" data-widget_type=\"text-editor.default\">\n\t\t\t\t<div class=\"elementor-widget-container\">\n\t\t\t\t\t\t\t\t\t<p>\u00a0<\/p><p><b>WetLabeling<\/b> Initiative<\/p>\t\t\t\t\t\t\t\t<\/div>\n\t\t\t\t<\/div>\n\t\t\t\t<div class=\"elementor-element elementor-element-3886408 elementor-view-default elementor-widget elementor-widget-icon\" data-id=\"3886408\" data-element_type=\"widget\" data-widget_type=\"icon.default\">\n\t\t\t\t<div class=\"elementor-widget-container\">\n\t\t\t\t\t\t\t<div class=\"elementor-icon-wrapper\">\n\t\t\t<a class=\"elementor-icon\" href=\"https:\/\/wli.online\/\">\n\t\t\t<svg aria-hidden=\"true\" class=\"e-font-icon-svg e-fas-home\" viewBox=\"0 0 576 512\" xmlns=\"http:\/\/www.w3.org\/2000\/svg\"><path d=\"M280.37 148.26L96 300.11V464a16 16 0 0 0 16 16l112.06-.29a16 16 0 0 0 15.92-16V368a16 16 0 0 1 16-16h64a16 16 0 0 1 16 16v95.64a16 16 0 0 0 16 16.05L464 480a16 16 0 0 0 16-16V300L295.67 148.26a12.19 12.19 0 0 0-15.3 0zM571.6 251.47L488 182.56V44.05a12 12 0 0 0-12-12h-56a12 12 0 0 0-12 12v72.61L318.47 43a48 48 0 0 0-61 0L4.34 251.47a12 12 0 0 0-1.6 16.9l25.5 31A12 12 0 0 0 45.15 301l235.22-193.74a12.19 12.19 0 0 1 15.3 0L530.9 301a12 12 0 0 0 16.9-1.6l25.5-31a12 12 0 0 0-1.7-16.93z\"><\/path><\/svg>\t\t\t<\/a>\n\t\t<\/div>\n\t\t\t\t\t\t<\/div>\n\t\t\t\t<\/div>\n\t\t\t\t\t<\/div>\n\t\t\t\t<\/div>\n\t\t<div class=\"elementor-element elementor-element-272fe15 e-flex e-con-boxed e-con e-parent\" data-id=\"272fe15\" data-element_type=\"container\" data-settings=\"{&quot;background_background&quot;:&quot;classic&quot;}\">\n\t\t\t\t\t<div class=\"e-con-inner\">\n\t\t\t\t<div class=\"elementor-element elementor-element-aecb672 elementor-widget elementor-widget-text-editor\" data-id=\"aecb672\" data-element_type=\"widget\" data-widget_type=\"text-editor.default\">\n\t\t\t\t<div class=\"elementor-widget-container\">\n\t\t\t\t\t\t\t\t\t<p><a class=\"elementor-toggle-title\" tabindex=\"0\">In den Produktionsbereich f\u00fcr die Abf\u00fcllung von Lacken sollte nur Etiketten und sonstige Komponenten mit wenig oder m\u00f6glichst ohne Silikone verwendet werden. Warum?<\/a><\/p>\t\t\t\t\t\t\t\t<\/div>\n\t\t\t\t<\/div>\n\t\t\t\t\t<\/div>\n\t\t\t\t<\/div>\n\t\t<div class=\"elementor-element elementor-element-401c57f e-flex e-con-boxed e-con e-parent\" data-id=\"401c57f\" data-element_type=\"container\">\n\t\t\t\t\t<div class=\"e-con-inner\">\n\t\t\t\t<div class=\"elementor-element elementor-element-543fa60 elementor-widget elementor-widget-text-editor\" data-id=\"543fa60\" data-element_type=\"widget\" data-widget_type=\"text-editor.default\">\n\t\t\t\t<div class=\"elementor-widget-container\">\n\t\t\t\t\t\t\t\t\t<p class=\"p1\"><span class=\"s1\">Etiketten und sonstige Komponenten ohne Silikone sollten in den Produktionsbereich f\u00fcr die Abf\u00fcllung von Lacken verwendet werden, um\u00a0<b>Kontaminationen mit Silikonen zu vermeiden<\/b>, die zu\u00a0<b>Kratern in den Lackoberfl\u00e4chen<\/b>\u00a0f\u00fchren k\u00f6nnen.<\/span><\/p><p class=\"p1\"><span class=\"s1\"><b>Gr\u00fcnde:<\/b><\/span><\/p><p class=\"p1\"><span class=\"s1\"><b>Vermeidung von Oberfl\u00e4chenspannungsst\u00f6rungen<\/b>: Silikone k\u00f6nnen die Oberfl\u00e4chenspannung der Lacke negativ beeinflussen, was zu sichtbaren Kratern und Fehlstellen auf der lackierten Oberfl\u00e4che f\u00fchrt.<\/span><\/p><p class=\"p1\"><span class=\"s1\"><b>Sicherung der Produktqualit\u00e4t<\/b>: Bereits kleinste Spuren von Silikonen k\u00f6nnen schwerwiegende Beschichtungsfehler verursachen, die z.B. bei der Automobilbeschichtung oder anderen Anwendungen unzul\u00e4ssig sind.<\/span><\/p><p class=\"p1\"><span class=\"s1\"><b>Minimierung von Lackfehlern<\/b>: Kraterprobleme k\u00f6nnen nicht nur zu Produktionsfehlern f\u00fchren, sondern auch den Betrieb der Kunden beeintr\u00e4chtigen, was Reparaturen, Nacharbeit oder im schlimmsten Fall Produktionsstillst\u00e4nde zur Folge haben kann.<\/span><\/p><p class=\"p1\"><span class=\"s1\"><b>Kosteneinsparung<\/b>: Durch die Vermeidung von Silikonen k\u00f6nnen hohe Kosten durch Reinigung, Reparaturen, Materialverschrottung und m\u00f6gliche Auftragsverluste reduziert werden.<\/span><\/p><p class=\"p1\"><span class=\"s1\"><b>Einhaltung von Richtlinien<\/b>: Die Verwendung silikonfreier Materialien entspricht den internen Richtlinien zur Qualit\u00e4tssicherung und Kraterpr\u00e4vention.<\/span><\/p><p class=\"p1\"><span class=\"s1\">Kurz gesagt, silikonhaltige Etiketten und Komponenten stellen eine Kontaminationsgefahr dar und gef\u00e4hrden die Funktionalit\u00e4t und \u00c4sthetik der Lackprodukte sowie die Effizienz der Produktionsprozesse. Silikone k\u00f6nnen die Lackoberfl\u00e4che besch\u00e4digen und Krater verursachen, die die Qualit\u00e4t beeintr\u00e4chtigen. Dadurch entstehen Fehler, die teure Nacharbeit, Produktionsausf\u00e4lle und unzufriedene Kunden verursachen k\u00f6nnen. Deshalb sollten Silikone im Produktionsprozess unbedingt vermieden werden. Die Firma Jungdruck in Radevormwald stellt Etiketten her, die speziell darauf optimiert sind, keine Silikone zu enthalten. Dadurch wird sichergestellt, dass keine Kontaminationsgefahr im Produktionsprozess unserer Kunden entsteht. Mit unseren silikonfreien Etiketten unterst\u00fctzen wir Sie dabei, h\u00f6chste Qualit\u00e4tsstandards einzuhalten und Probleme wie Kraterbildung zuverl\u00e4ssig zu vermeiden. Vertrauen Sie auf unsere L\u00f6sungen f\u00fcr einen reibungslosen und sicheren Produktionsablauf.<\/span><\/p>\t\t\t\t\t\t\t\t<\/div>\n\t\t\t\t<\/div>\n\t\t\t\t\t<\/div>\n\t\t\t\t<\/div>\n\t\t\t\t<\/div>\n\t\t","protected":false},"excerpt":{"rendered":"<p>\u00a0 WetLabeling Initiative In den Produktionsbereich f\u00fcr die Abf\u00fcllung von Lacken sollte nur Etiketten und sonstige Komponenten mit wenig oder m\u00f6glichst ohne Silikone verwendet werden. Warum? Etiketten und sonstige Komponenten ohne Silikone sollten in den Produktionsbereich f\u00fcr die Abf\u00fcllung von Lacken verwendet werden, um\u00a0Kontaminationen mit Silikonen zu vermeiden, die zu\u00a0Kratern in den Lackoberfl\u00e4chen\u00a0f\u00fchren k\u00f6nnen. Gr\u00fcnde: [&hellip;]<\/p>\n","protected":false},"author":1,"featured_media":0,"parent":0,"menu_order":0,"comment_status":"closed","ping_status":"closed","template":"","meta":{"footnotes":""},"class_list":["post-135","page","type-page","status-publish","hentry"],"yoast_head":"<!-- This site is optimized with the Yoast SEO plugin v24.4 - https:\/\/yoast.com\/wordpress\/plugins\/seo\/ -->\n<title>Silikone - WetLabeling-Initiative<\/title>\n<meta name=\"robots\" content=\"index, follow, max-snippet:-1, max-image-preview:large, max-video-preview:-1\" \/>\n<link rel=\"canonical\" href=\"https:\/\/wli.online\/index.php\/silikone\/\" \/>\n<meta property=\"og:locale\" content=\"de_DE\" \/>\n<meta property=\"og:type\" content=\"article\" \/>\n<meta property=\"og:title\" content=\"Silikone - WetLabeling-Initiative\" \/>\n<meta property=\"og:description\" content=\"\u00a0 WetLabeling Initiative In den Produktionsbereich f\u00fcr die Abf\u00fcllung von Lacken sollte nur Etiketten und sonstige Komponenten mit wenig oder m\u00f6glichst ohne Silikone verwendet werden. Warum? Etiketten und sonstige Komponenten ohne Silikone sollten in den Produktionsbereich f\u00fcr die Abf\u00fcllung von Lacken verwendet werden, um\u00a0Kontaminationen mit Silikonen zu vermeiden, die zu\u00a0Kratern in den Lackoberfl\u00e4chen\u00a0f\u00fchren k\u00f6nnen. Gr\u00fcnde: [&hellip;]\" \/>\n<meta property=\"og:url\" content=\"https:\/\/wli.online\/index.php\/silikone\/\" \/>\n<meta property=\"og:site_name\" content=\"WetLabeling-Initiative\" \/>\n<meta property=\"article:modified_time\" content=\"2025-02-12T10:24:59+00:00\" \/>\n<meta name=\"twitter:card\" content=\"summary_large_image\" \/>\n<meta name=\"twitter:label1\" content=\"Gesch\u00e4tzte Lesezeit\" \/>\n\t<meta name=\"twitter:data1\" content=\"2\u00a0Minuten\" \/>\n<script type=\"application\/ld+json\" class=\"yoast-schema-graph\">{\"@context\":\"https:\/\/schema.org\",\"@graph\":[{\"@type\":\"WebPage\",\"@id\":\"https:\/\/wli.online\/index.php\/silikone\/\",\"url\":\"https:\/\/wli.online\/index.php\/silikone\/\",\"name\":\"Silikone - WetLabeling-Initiative\",\"isPartOf\":{\"@id\":\"https:\/\/wli.online\/#website\"},\"datePublished\":\"2025-02-11T16:15:17+00:00\",\"dateModified\":\"2025-02-12T10:24:59+00:00\",\"breadcrumb\":{\"@id\":\"https:\/\/wli.online\/index.php\/silikone\/#breadcrumb\"},\"inLanguage\":\"de\",\"potentialAction\":[{\"@type\":\"ReadAction\",\"target\":[\"https:\/\/wli.online\/index.php\/silikone\/\"]}]},{\"@type\":\"BreadcrumbList\",\"@id\":\"https:\/\/wli.online\/index.php\/silikone\/#breadcrumb\",\"itemListElement\":[{\"@type\":\"ListItem\",\"position\":1,\"name\":\"Startseite\",\"item\":\"https:\/\/wli.online\/\"},{\"@type\":\"ListItem\",\"position\":2,\"name\":\"Silikone\"}]},{\"@type\":\"WebSite\",\"@id\":\"https:\/\/wli.online\/#website\",\"url\":\"https:\/\/wli.online\/\",\"name\":\"WetLabeling-Initiative\",\"description\":\"\",\"potentialAction\":[{\"@type\":\"SearchAction\",\"target\":{\"@type\":\"EntryPoint\",\"urlTemplate\":\"https:\/\/wli.online\/?s={search_term_string}\"},\"query-input\":{\"@type\":\"PropertyValueSpecification\",\"valueRequired\":true,\"valueName\":\"search_term_string\"}}],\"inLanguage\":\"de\"}]}<\/script>\n<!-- \/ Yoast SEO plugin. -->","yoast_head_json":{"title":"Silikone - WetLabeling-Initiative","robots":{"index":"index","follow":"follow","max-snippet":"max-snippet:-1","max-image-preview":"max-image-preview:large","max-video-preview":"max-video-preview:-1"},"canonical":"https:\/\/wli.online\/index.php\/silikone\/","og_locale":"de_DE","og_type":"article","og_title":"Silikone - WetLabeling-Initiative","og_description":"\u00a0 WetLabeling Initiative In den Produktionsbereich f\u00fcr die Abf\u00fcllung von Lacken sollte nur Etiketten und sonstige Komponenten mit wenig oder m\u00f6glichst ohne Silikone verwendet werden. Warum? Etiketten und sonstige Komponenten ohne Silikone sollten in den Produktionsbereich f\u00fcr die Abf\u00fcllung von Lacken verwendet werden, um\u00a0Kontaminationen mit Silikonen zu vermeiden, die zu\u00a0Kratern in den Lackoberfl\u00e4chen\u00a0f\u00fchren k\u00f6nnen. Gr\u00fcnde: [&hellip;]","og_url":"https:\/\/wli.online\/index.php\/silikone\/","og_site_name":"WetLabeling-Initiative","article_modified_time":"2025-02-12T10:24:59+00:00","twitter_card":"summary_large_image","twitter_misc":{"Gesch\u00e4tzte Lesezeit":"2\u00a0Minuten"},"schema":{"@context":"https:\/\/schema.org","@graph":[{"@type":"WebPage","@id":"https:\/\/wli.online\/index.php\/silikone\/","url":"https:\/\/wli.online\/index.php\/silikone\/","name":"Silikone - WetLabeling-Initiative","isPartOf":{"@id":"https:\/\/wli.online\/#website"},"datePublished":"2025-02-11T16:15:17+00:00","dateModified":"2025-02-12T10:24:59+00:00","breadcrumb":{"@id":"https:\/\/wli.online\/index.php\/silikone\/#breadcrumb"},"inLanguage":"de","potentialAction":[{"@type":"ReadAction","target":["https:\/\/wli.online\/index.php\/silikone\/"]}]},{"@type":"BreadcrumbList","@id":"https:\/\/wli.online\/index.php\/silikone\/#breadcrumb","itemListElement":[{"@type":"ListItem","position":1,"name":"Startseite","item":"https:\/\/wli.online\/"},{"@type":"ListItem","position":2,"name":"Silikone"}]},{"@type":"WebSite","@id":"https:\/\/wli.online\/#website","url":"https:\/\/wli.online\/","name":"WetLabeling-Initiative","description":"","potentialAction":[{"@type":"SearchAction","target":{"@type":"EntryPoint","urlTemplate":"https:\/\/wli.online\/?s={search_term_string}"},"query-input":{"@type":"PropertyValueSpecification","valueRequired":true,"valueName":"search_term_string"}}],"inLanguage":"de"}]}},"_links":{"self":[{"href":"https:\/\/wli.online\/index.php\/wp-json\/wp\/v2\/pages\/135","targetHints":{"allow":["GET"]}}],"collection":[{"href":"https:\/\/wli.online\/index.php\/wp-json\/wp\/v2\/pages"}],"about":[{"href":"https:\/\/wli.online\/index.php\/wp-json\/wp\/v2\/types\/page"}],"author":[{"embeddable":true,"href":"https:\/\/wli.online\/index.php\/wp-json\/wp\/v2\/users\/1"}],"replies":[{"embeddable":true,"href":"https:\/\/wli.online\/index.php\/wp-json\/wp\/v2\/comments?post=135"}],"version-history":[{"count":13,"href":"https:\/\/wli.online\/index.php\/wp-json\/wp\/v2\/pages\/135\/revisions"}],"predecessor-version":[{"id":177,"href":"https:\/\/wli.online\/index.php\/wp-json\/wp\/v2\/pages\/135\/revisions\/177"}],"wp:attachment":[{"href":"https:\/\/wli.online\/index.php\/wp-json\/wp\/v2\/media?parent=135"}],"curies":[{"name":"wp","href":"https:\/\/api.w.org\/{rel}","templated":true}]}}