{"id":160,"date":"2025-02-12T10:03:17","date_gmt":"2025-02-12T10:03:17","guid":{"rendered":"https:\/\/wli.online\/?page_id=160"},"modified":"2025-02-12T10:11:15","modified_gmt":"2025-02-12T10:11:15","slug":"etikettierung","status":"publish","type":"page","link":"https:\/\/wli.online\/index.php\/etikettierung\/","title":{"rendered":"Etikettierung"},"content":{"rendered":"\t\t<div data-elementor-type=\"wp-page\" data-elementor-id=\"160\" class=\"elementor elementor-160\">\n\t\t\t\t<div class=\"elementor-element elementor-element-730f9c1 e-flex e-con-boxed e-con e-parent\" data-id=\"730f9c1\" data-element_type=\"container\" data-settings=\"{&quot;background_background&quot;:&quot;classic&quot;}\">\n\t\t\t\t\t<div class=\"e-con-inner\">\n\t\t\t\t<div class=\"elementor-element elementor-element-d4bb46b elementor-widget elementor-widget-text-editor\" data-id=\"d4bb46b\" data-element_type=\"widget\" data-widget_type=\"text-editor.default\">\n\t\t\t\t<div class=\"elementor-widget-container\">\n\t\t\t\t\t\t\t\t\t<p>\u00a0<\/p><p><b>WetLabeling<\/b> Initiative<\/p>\t\t\t\t\t\t\t\t<\/div>\n\t\t\t\t<\/div>\n\t\t\t\t<div class=\"elementor-element elementor-element-1945e37 elementor-view-default elementor-widget elementor-widget-icon\" data-id=\"1945e37\" data-element_type=\"widget\" data-widget_type=\"icon.default\">\n\t\t\t\t<div class=\"elementor-widget-container\">\n\t\t\t\t\t\t\t<div class=\"elementor-icon-wrapper\">\n\t\t\t<a class=\"elementor-icon\" href=\"https:\/\/wli.online\/\">\n\t\t\t<svg aria-hidden=\"true\" class=\"e-font-icon-svg e-fas-home\" viewBox=\"0 0 576 512\" xmlns=\"http:\/\/www.w3.org\/2000\/svg\"><path d=\"M280.37 148.26L96 300.11V464a16 16 0 0 0 16 16l112.06-.29a16 16 0 0 0 15.92-16V368a16 16 0 0 1 16-16h64a16 16 0 0 1 16 16v95.64a16 16 0 0 0 16 16.05L464 480a16 16 0 0 0 16-16V300L295.67 148.26a12.19 12.19 0 0 0-15.3 0zM571.6 251.47L488 182.56V44.05a12 12 0 0 0-12-12h-56a12 12 0 0 0-12 12v72.61L318.47 43a48 48 0 0 0-61 0L4.34 251.47a12 12 0 0 0-1.6 16.9l25.5 31A12 12 0 0 0 45.15 301l235.22-193.74a12.19 12.19 0 0 1 15.3 0L530.9 301a12 12 0 0 0 16.9-1.6l25.5-31a12 12 0 0 0-1.7-16.93z\"><\/path><\/svg>\t\t\t<\/a>\n\t\t<\/div>\n\t\t\t\t\t\t<\/div>\n\t\t\t\t<\/div>\n\t\t\t\t\t<\/div>\n\t\t\t\t<\/div>\n\t\t<div class=\"elementor-element elementor-element-b679db6 e-flex e-con-boxed e-con e-parent\" data-id=\"b679db6\" data-element_type=\"container\" data-settings=\"{&quot;background_background&quot;:&quot;classic&quot;}\">\n\t\t\t\t\t<div class=\"e-con-inner\">\n\t\t\t\t<div class=\"elementor-element elementor-element-67d5d2a elementor-widget elementor-widget-text-editor\" data-id=\"67d5d2a\" data-element_type=\"widget\" data-widget_type=\"text-editor.default\">\n\t\t\t\t<div class=\"elementor-widget-container\">\n\t\t\t\t\t\t\t\t\t<p><a class=\"elementor-toggle-title\" tabindex=\"0\">Wie gut ist die Qualit\u00e4t der Etikettierung bei Nassleimetiketten?<\/a><\/p>\t\t\t\t\t\t\t\t<\/div>\n\t\t\t\t<\/div>\n\t\t\t\t\t<\/div>\n\t\t\t\t<\/div>\n\t\t<div class=\"elementor-element elementor-element-715ecfe e-flex e-con-boxed e-con e-parent\" data-id=\"715ecfe\" data-element_type=\"container\">\n\t\t\t\t\t<div class=\"e-con-inner\">\n\t\t\t\t<div class=\"elementor-element elementor-element-9c80421 elementor-widget elementor-widget-text-editor\" data-id=\"9c80421\" data-element_type=\"widget\" data-widget_type=\"text-editor.default\">\n\t\t\t\t<div class=\"elementor-widget-container\">\n\t\t\t\t\t\t\t\t\t<p>Die Qualit\u00e4t der Etikettierung bei Nassleimetiketten kann genauso hochwertig sein wie bei anderen Etikettenl\u00f6sungen \u2013 vorausgesetzt, es werden die richtigen Faktoren ber\u00fccksichtigt. Entscheidend sind unter anderem die Wahl der Papierqualit\u00e4t, der passende Leimtyp, die Laufrichtung des Materials, eventuelle Lackierungen und die Bedruckung der R\u00fcckseite.<\/p><p>Erfahrungen aus Projekten zeigen, dass es viele potenzielle Stolpersteine gibt, die die Qualit\u00e4t beeinflussen k\u00f6nnen. Daher ist es wichtig, die Anforderungen des jeweiligen Anwendungsfalls genau zu analysieren. Um eine optimale L\u00f6sung zu erarbeiten, kann es sinnvoll sein, vorab einen Workshop durchzuf\u00fchren. Dies erm\u00f6glicht eine genaue Abstimmung aller relevanten Kriterien, damit das Ergebnis den individuellen Anspr\u00fcchen gerecht wird. Dieser Workshop wird kostenfrei angeboten.<\/p>\t\t\t\t\t\t\t\t<\/div>\n\t\t\t\t<\/div>\n\t\t\t\t\t<\/div>\n\t\t\t\t<\/div>\n\t\t\t\t<\/div>\n\t\t","protected":false},"excerpt":{"rendered":"<p>\u00a0 WetLabeling Initiative Wie gut ist die Qualit\u00e4t der Etikettierung bei Nassleimetiketten? Die Qualit\u00e4t der Etikettierung bei Nassleimetiketten kann genauso hochwertig sein wie bei anderen Etikettenl\u00f6sungen \u2013 vorausgesetzt, es werden die richtigen Faktoren ber\u00fccksichtigt. Entscheidend sind unter anderem die Wahl der Papierqualit\u00e4t, der passende Leimtyp, die Laufrichtung des Materials, eventuelle Lackierungen und die Bedruckung der [&hellip;]<\/p>\n","protected":false},"author":1,"featured_media":0,"parent":0,"menu_order":0,"comment_status":"closed","ping_status":"closed","template":"","meta":{"footnotes":""},"class_list":["post-160","page","type-page","status-publish","hentry"],"yoast_head":"<!-- This site is optimized with the Yoast SEO plugin v24.4 - https:\/\/yoast.com\/wordpress\/plugins\/seo\/ -->\n<title>Etikettierung - WetLabeling-Initiative<\/title>\n<meta name=\"robots\" content=\"index, follow, max-snippet:-1, max-image-preview:large, max-video-preview:-1\" \/>\n<link rel=\"canonical\" href=\"https:\/\/wli.online\/index.php\/etikettierung\/\" \/>\n<meta property=\"og:locale\" content=\"de_DE\" \/>\n<meta property=\"og:type\" content=\"article\" \/>\n<meta property=\"og:title\" content=\"Etikettierung - WetLabeling-Initiative\" \/>\n<meta property=\"og:description\" content=\"\u00a0 WetLabeling Initiative Wie gut ist die Qualit\u00e4t der Etikettierung bei Nassleimetiketten? Die Qualit\u00e4t der Etikettierung bei Nassleimetiketten kann genauso hochwertig sein wie bei anderen Etikettenl\u00f6sungen \u2013 vorausgesetzt, es werden die richtigen Faktoren ber\u00fccksichtigt. Entscheidend sind unter anderem die Wahl der Papierqualit\u00e4t, der passende Leimtyp, die Laufrichtung des Materials, eventuelle Lackierungen und die Bedruckung der [&hellip;]\" \/>\n<meta property=\"og:url\" content=\"https:\/\/wli.online\/index.php\/etikettierung\/\" \/>\n<meta property=\"og:site_name\" content=\"WetLabeling-Initiative\" \/>\n<meta property=\"article:modified_time\" content=\"2025-02-12T10:11:15+00:00\" \/>\n<meta name=\"twitter:card\" content=\"summary_large_image\" \/>\n<meta name=\"twitter:label1\" content=\"Gesch\u00e4tzte Lesezeit\" \/>\n\t<meta name=\"twitter:data1\" content=\"1\u00a0Minute\" \/>\n<script type=\"application\/ld+json\" class=\"yoast-schema-graph\">{\"@context\":\"https:\/\/schema.org\",\"@graph\":[{\"@type\":\"WebPage\",\"@id\":\"https:\/\/wli.online\/index.php\/etikettierung\/\",\"url\":\"https:\/\/wli.online\/index.php\/etikettierung\/\",\"name\":\"Etikettierung - WetLabeling-Initiative\",\"isPartOf\":{\"@id\":\"https:\/\/wli.online\/#website\"},\"datePublished\":\"2025-02-12T10:03:17+00:00\",\"dateModified\":\"2025-02-12T10:11:15+00:00\",\"breadcrumb\":{\"@id\":\"https:\/\/wli.online\/index.php\/etikettierung\/#breadcrumb\"},\"inLanguage\":\"de\",\"potentialAction\":[{\"@type\":\"ReadAction\",\"target\":[\"https:\/\/wli.online\/index.php\/etikettierung\/\"]}]},{\"@type\":\"BreadcrumbList\",\"@id\":\"https:\/\/wli.online\/index.php\/etikettierung\/#breadcrumb\",\"itemListElement\":[{\"@type\":\"ListItem\",\"position\":1,\"name\":\"Startseite\",\"item\":\"https:\/\/wli.online\/\"},{\"@type\":\"ListItem\",\"position\":2,\"name\":\"Etikettierung\"}]},{\"@type\":\"WebSite\",\"@id\":\"https:\/\/wli.online\/#website\",\"url\":\"https:\/\/wli.online\/\",\"name\":\"WetLabeling-Initiative\",\"description\":\"\",\"potentialAction\":[{\"@type\":\"SearchAction\",\"target\":{\"@type\":\"EntryPoint\",\"urlTemplate\":\"https:\/\/wli.online\/?s={search_term_string}\"},\"query-input\":{\"@type\":\"PropertyValueSpecification\",\"valueRequired\":true,\"valueName\":\"search_term_string\"}}],\"inLanguage\":\"de\"}]}<\/script>\n<!-- \/ Yoast SEO plugin. -->","yoast_head_json":{"title":"Etikettierung - WetLabeling-Initiative","robots":{"index":"index","follow":"follow","max-snippet":"max-snippet:-1","max-image-preview":"max-image-preview:large","max-video-preview":"max-video-preview:-1"},"canonical":"https:\/\/wli.online\/index.php\/etikettierung\/","og_locale":"de_DE","og_type":"article","og_title":"Etikettierung - WetLabeling-Initiative","og_description":"\u00a0 WetLabeling Initiative Wie gut ist die Qualit\u00e4t der Etikettierung bei Nassleimetiketten? Die Qualit\u00e4t der Etikettierung bei Nassleimetiketten kann genauso hochwertig sein wie bei anderen Etikettenl\u00f6sungen \u2013 vorausgesetzt, es werden die richtigen Faktoren ber\u00fccksichtigt. Entscheidend sind unter anderem die Wahl der Papierqualit\u00e4t, der passende Leimtyp, die Laufrichtung des Materials, eventuelle Lackierungen und die Bedruckung der [&hellip;]","og_url":"https:\/\/wli.online\/index.php\/etikettierung\/","og_site_name":"WetLabeling-Initiative","article_modified_time":"2025-02-12T10:11:15+00:00","twitter_card":"summary_large_image","twitter_misc":{"Gesch\u00e4tzte Lesezeit":"1\u00a0Minute"},"schema":{"@context":"https:\/\/schema.org","@graph":[{"@type":"WebPage","@id":"https:\/\/wli.online\/index.php\/etikettierung\/","url":"https:\/\/wli.online\/index.php\/etikettierung\/","name":"Etikettierung - WetLabeling-Initiative","isPartOf":{"@id":"https:\/\/wli.online\/#website"},"datePublished":"2025-02-12T10:03:17+00:00","dateModified":"2025-02-12T10:11:15+00:00","breadcrumb":{"@id":"https:\/\/wli.online\/index.php\/etikettierung\/#breadcrumb"},"inLanguage":"de","potentialAction":[{"@type":"ReadAction","target":["https:\/\/wli.online\/index.php\/etikettierung\/"]}]},{"@type":"BreadcrumbList","@id":"https:\/\/wli.online\/index.php\/etikettierung\/#breadcrumb","itemListElement":[{"@type":"ListItem","position":1,"name":"Startseite","item":"https:\/\/wli.online\/"},{"@type":"ListItem","position":2,"name":"Etikettierung"}]},{"@type":"WebSite","@id":"https:\/\/wli.online\/#website","url":"https:\/\/wli.online\/","name":"WetLabeling-Initiative","description":"","potentialAction":[{"@type":"SearchAction","target":{"@type":"EntryPoint","urlTemplate":"https:\/\/wli.online\/?s={search_term_string}"},"query-input":{"@type":"PropertyValueSpecification","valueRequired":true,"valueName":"search_term_string"}}],"inLanguage":"de"}]}},"_links":{"self":[{"href":"https:\/\/wli.online\/index.php\/wp-json\/wp\/v2\/pages\/160","targetHints":{"allow":["GET"]}}],"collection":[{"href":"https:\/\/wli.online\/index.php\/wp-json\/wp\/v2\/pages"}],"about":[{"href":"https:\/\/wli.online\/index.php\/wp-json\/wp\/v2\/types\/page"}],"author":[{"embeddable":true,"href":"https:\/\/wli.online\/index.php\/wp-json\/wp\/v2\/users\/1"}],"replies":[{"embeddable":true,"href":"https:\/\/wli.online\/index.php\/wp-json\/wp\/v2\/comments?post=160"}],"version-history":[{"count":7,"href":"https:\/\/wli.online\/index.php\/wp-json\/wp\/v2\/pages\/160\/revisions"}],"predecessor-version":[{"id":171,"href":"https:\/\/wli.online\/index.php\/wp-json\/wp\/v2\/pages\/160\/revisions\/171"}],"wp:attachment":[{"href":"https:\/\/wli.online\/index.php\/wp-json\/wp\/v2\/media?parent=160"}],"curies":[{"name":"wp","href":"https:\/\/api.w.org\/{rel}","templated":true}]}}