{"id":93,"date":"2025-02-10T10:38:24","date_gmt":"2025-02-10T10:38:24","guid":{"rendered":"https:\/\/wli.online\/?page_id=93"},"modified":"2025-02-11T14:37:07","modified_gmt":"2025-02-11T14:37:07","slug":"optik","status":"publish","type":"page","link":"https:\/\/wli.online\/index.php\/optik\/","title":{"rendered":"Optik"},"content":{"rendered":"\t\t<div data-elementor-type=\"wp-page\" data-elementor-id=\"93\" class=\"elementor elementor-93\">\n\t\t\t\t<div class=\"elementor-element elementor-element-e80c5c2 e-flex e-con-boxed e-con e-parent\" data-id=\"e80c5c2\" data-element_type=\"container\" data-settings=\"{&quot;background_background&quot;:&quot;classic&quot;}\">\n\t\t\t\t\t<div class=\"e-con-inner\">\n\t\t\t\t<div class=\"elementor-element elementor-element-6b6f977 elementor-widget elementor-widget-text-editor\" data-id=\"6b6f977\" data-element_type=\"widget\" data-widget_type=\"text-editor.default\">\n\t\t\t\t<div class=\"elementor-widget-container\">\n\t\t\t\t\t\t\t\t\t<p>\u00a0<\/p><p><b>WetLabeling<\/b> Initiative<\/p>\t\t\t\t\t\t\t\t<\/div>\n\t\t\t\t<\/div>\n\t\t\t\t<div class=\"elementor-element elementor-element-f4cc7f6 elementor-view-default elementor-widget elementor-widget-icon\" data-id=\"f4cc7f6\" data-element_type=\"widget\" data-widget_type=\"icon.default\">\n\t\t\t\t<div class=\"elementor-widget-container\">\n\t\t\t\t\t\t\t<div class=\"elementor-icon-wrapper\">\n\t\t\t<a class=\"elementor-icon\" href=\"https:\/\/wli.online\/\">\n\t\t\t<svg aria-hidden=\"true\" class=\"e-font-icon-svg e-fas-home\" viewBox=\"0 0 576 512\" xmlns=\"http:\/\/www.w3.org\/2000\/svg\"><path d=\"M280.37 148.26L96 300.11V464a16 16 0 0 0 16 16l112.06-.29a16 16 0 0 0 15.92-16V368a16 16 0 0 1 16-16h64a16 16 0 0 1 16 16v95.64a16 16 0 0 0 16 16.05L464 480a16 16 0 0 0 16-16V300L295.67 148.26a12.19 12.19 0 0 0-15.3 0zM571.6 251.47L488 182.56V44.05a12 12 0 0 0-12-12h-56a12 12 0 0 0-12 12v72.61L318.47 43a48 48 0 0 0-61 0L4.34 251.47a12 12 0 0 0-1.6 16.9l25.5 31A12 12 0 0 0 45.15 301l235.22-193.74a12.19 12.19 0 0 1 15.3 0L530.9 301a12 12 0 0 0 16.9-1.6l25.5-31a12 12 0 0 0-1.7-16.93z\"><\/path><\/svg>\t\t\t<\/a>\n\t\t<\/div>\n\t\t\t\t\t\t<\/div>\n\t\t\t\t<\/div>\n\t\t\t\t\t<\/div>\n\t\t\t\t<\/div>\n\t\t<div class=\"elementor-element elementor-element-907ed43 e-flex e-con-boxed e-con e-parent\" data-id=\"907ed43\" data-element_type=\"container\" data-settings=\"{&quot;background_background&quot;:&quot;classic&quot;}\">\n\t\t\t\t\t<div class=\"e-con-inner\">\n\t\t\t\t<div class=\"elementor-element elementor-element-fe6e0b6 elementor-widget elementor-widget-text-editor\" data-id=\"fe6e0b6\" data-element_type=\"widget\" data-widget_type=\"text-editor.default\">\n\t\t\t\t<div class=\"elementor-widget-container\">\n\t\t\t\t\t\t\t\t\t<p>Wie Kann der optische Eindruck und die Oberfl\u00e4chenqualit\u00e4t von Etiketten verbessert werden?<\/p>\t\t\t\t\t\t\t\t<\/div>\n\t\t\t\t<\/div>\n\t\t\t\t\t<\/div>\n\t\t\t\t<\/div>\n\t\t<div class=\"elementor-element elementor-element-e81f4eb e-flex e-con-boxed e-con e-parent\" data-id=\"e81f4eb\" data-element_type=\"container\">\n\t\t\t\t\t<div class=\"e-con-inner\">\n\t\t\t\t<div class=\"elementor-element elementor-element-4d3eddd elementor-widget elementor-widget-text-editor\" data-id=\"4d3eddd\" data-element_type=\"widget\" data-widget_type=\"text-editor.default\">\n\t\t\t\t<div class=\"elementor-widget-container\">\n\t\t\t\t\t\t\t\t\t<p>Die Lackierung von Etiketten kann besonders wirtschaftlich realisiert werden, da sie direkt im Inlineprozess in der Druckmaschine erfolgt. Dies eliminiert zus\u00e4tzliche Arbeitsschritte oder Maschinen und f\u00fchrt zu Zeit- und Kostenersparnissen bei gleichzeitig hoher Produktionsqualit\u00e4t. Der eingesetzte Lack verbessert nicht nur die Optik und Haptik der Etiketten durch ein hochwertiges Erscheinungsbild, sondern erh\u00f6ht auch die Scheuerfestigkeit, wodurch die Etiketten langlebiger und widerstandsf\u00e4higer gegen\u00fcber mechanischer Beanspruchung werden.<\/p><p>Ein weiterer Vorteil ist die Verwendung eines \u00fcberdruckbaren Lacks, der es Kunden erm\u00f6glicht, in einer zweiten Druckstufe zus\u00e4tzliche Informationen wie Barcodes, Seriennummern oder andere variable Daten aufzubringen. Dies bietet maximale Flexibilit\u00e4t, insbesondere f\u00fcr Branchen mit hohen Anforderungen an Nachverfolgbarkeit und Individualisierung. Der Lack verbindet Effizienz, Schutz und Gestaltungsfreiheit, was ihn ideal f\u00fcr Anwendungen in der Lebensmittel-, Pharma- oder Chemiebranche macht.<\/p><p>Durch die Integration des Lackierens in den Produktionsprozess bleibt die Herstellung auch bei hohen Qualit\u00e4tsanspr\u00fcchen wirtschaftlich und effizient \u2013 eine L\u00f6sung, die \u00c4sthetik, Funktionalit\u00e4t und Kosteneffektivit\u00e4t optimal kombiniert.<\/p>\t\t\t\t\t\t\t\t<\/div>\n\t\t\t\t<\/div>\n\t\t\t\t\t<\/div>\n\t\t\t\t<\/div>\n\t\t\t\t<\/div>\n\t\t","protected":false},"excerpt":{"rendered":"<p>\u00a0 WetLabeling Initiative Wie Kann der optische Eindruck und die Oberfl\u00e4chenqualit\u00e4t von Etiketten verbessert werden? Die Lackierung von Etiketten kann besonders wirtschaftlich realisiert werden, da sie direkt im Inlineprozess in der Druckmaschine erfolgt. Dies eliminiert zus\u00e4tzliche Arbeitsschritte oder Maschinen und f\u00fchrt zu Zeit- und Kostenersparnissen bei gleichzeitig hoher Produktionsqualit\u00e4t. Der eingesetzte Lack verbessert nicht nur [&hellip;]<\/p>\n","protected":false},"author":1,"featured_media":0,"parent":0,"menu_order":0,"comment_status":"closed","ping_status":"closed","template":"elementor_header_footer","meta":{"footnotes":""},"class_list":["post-93","page","type-page","status-publish","hentry"],"yoast_head":"<!-- This site is optimized with the Yoast SEO plugin v24.4 - https:\/\/yoast.com\/wordpress\/plugins\/seo\/ -->\n<title>Optik - WetLabeling-Initiative<\/title>\n<meta name=\"robots\" content=\"index, follow, max-snippet:-1, max-image-preview:large, max-video-preview:-1\" \/>\n<link rel=\"canonical\" href=\"https:\/\/wli.online\/index.php\/optik\/\" \/>\n<meta property=\"og:locale\" content=\"de_DE\" \/>\n<meta property=\"og:type\" content=\"article\" \/>\n<meta property=\"og:title\" content=\"Optik - WetLabeling-Initiative\" \/>\n<meta property=\"og:description\" content=\"\u00a0 WetLabeling Initiative Wie Kann der optische Eindruck und die Oberfl\u00e4chenqualit\u00e4t von Etiketten verbessert werden? Die Lackierung von Etiketten kann besonders wirtschaftlich realisiert werden, da sie direkt im Inlineprozess in der Druckmaschine erfolgt. Dies eliminiert zus\u00e4tzliche Arbeitsschritte oder Maschinen und f\u00fchrt zu Zeit- und Kostenersparnissen bei gleichzeitig hoher Produktionsqualit\u00e4t. Der eingesetzte Lack verbessert nicht nur [&hellip;]\" \/>\n<meta property=\"og:url\" content=\"https:\/\/wli.online\/index.php\/optik\/\" \/>\n<meta property=\"og:site_name\" content=\"WetLabeling-Initiative\" \/>\n<meta property=\"article:modified_time\" content=\"2025-02-11T14:37:07+00:00\" \/>\n<meta name=\"twitter:card\" content=\"summary_large_image\" \/>\n<meta name=\"twitter:label1\" content=\"Gesch\u00e4tzte Lesezeit\" \/>\n\t<meta name=\"twitter:data1\" content=\"1\u00a0Minute\" \/>\n<script type=\"application\/ld+json\" class=\"yoast-schema-graph\">{\"@context\":\"https:\/\/schema.org\",\"@graph\":[{\"@type\":\"WebPage\",\"@id\":\"https:\/\/wli.online\/index.php\/optik\/\",\"url\":\"https:\/\/wli.online\/index.php\/optik\/\",\"name\":\"Optik - WetLabeling-Initiative\",\"isPartOf\":{\"@id\":\"https:\/\/wli.online\/#website\"},\"datePublished\":\"2025-02-10T10:38:24+00:00\",\"dateModified\":\"2025-02-11T14:37:07+00:00\",\"breadcrumb\":{\"@id\":\"https:\/\/wli.online\/index.php\/optik\/#breadcrumb\"},\"inLanguage\":\"de\",\"potentialAction\":[{\"@type\":\"ReadAction\",\"target\":[\"https:\/\/wli.online\/index.php\/optik\/\"]}]},{\"@type\":\"BreadcrumbList\",\"@id\":\"https:\/\/wli.online\/index.php\/optik\/#breadcrumb\",\"itemListElement\":[{\"@type\":\"ListItem\",\"position\":1,\"name\":\"Startseite\",\"item\":\"https:\/\/wli.online\/\"},{\"@type\":\"ListItem\",\"position\":2,\"name\":\"Optik\"}]},{\"@type\":\"WebSite\",\"@id\":\"https:\/\/wli.online\/#website\",\"url\":\"https:\/\/wli.online\/\",\"name\":\"WetLabeling-Initiative\",\"description\":\"\",\"potentialAction\":[{\"@type\":\"SearchAction\",\"target\":{\"@type\":\"EntryPoint\",\"urlTemplate\":\"https:\/\/wli.online\/?s={search_term_string}\"},\"query-input\":{\"@type\":\"PropertyValueSpecification\",\"valueRequired\":true,\"valueName\":\"search_term_string\"}}],\"inLanguage\":\"de\"}]}<\/script>\n<!-- \/ Yoast SEO plugin. -->","yoast_head_json":{"title":"Optik - WetLabeling-Initiative","robots":{"index":"index","follow":"follow","max-snippet":"max-snippet:-1","max-image-preview":"max-image-preview:large","max-video-preview":"max-video-preview:-1"},"canonical":"https:\/\/wli.online\/index.php\/optik\/","og_locale":"de_DE","og_type":"article","og_title":"Optik - WetLabeling-Initiative","og_description":"\u00a0 WetLabeling Initiative Wie Kann der optische Eindruck und die Oberfl\u00e4chenqualit\u00e4t von Etiketten verbessert werden? Die Lackierung von Etiketten kann besonders wirtschaftlich realisiert werden, da sie direkt im Inlineprozess in der Druckmaschine erfolgt. Dies eliminiert zus\u00e4tzliche Arbeitsschritte oder Maschinen und f\u00fchrt zu Zeit- und Kostenersparnissen bei gleichzeitig hoher Produktionsqualit\u00e4t. Der eingesetzte Lack verbessert nicht nur [&hellip;]","og_url":"https:\/\/wli.online\/index.php\/optik\/","og_site_name":"WetLabeling-Initiative","article_modified_time":"2025-02-11T14:37:07+00:00","twitter_card":"summary_large_image","twitter_misc":{"Gesch\u00e4tzte Lesezeit":"1\u00a0Minute"},"schema":{"@context":"https:\/\/schema.org","@graph":[{"@type":"WebPage","@id":"https:\/\/wli.online\/index.php\/optik\/","url":"https:\/\/wli.online\/index.php\/optik\/","name":"Optik - WetLabeling-Initiative","isPartOf":{"@id":"https:\/\/wli.online\/#website"},"datePublished":"2025-02-10T10:38:24+00:00","dateModified":"2025-02-11T14:37:07+00:00","breadcrumb":{"@id":"https:\/\/wli.online\/index.php\/optik\/#breadcrumb"},"inLanguage":"de","potentialAction":[{"@type":"ReadAction","target":["https:\/\/wli.online\/index.php\/optik\/"]}]},{"@type":"BreadcrumbList","@id":"https:\/\/wli.online\/index.php\/optik\/#breadcrumb","itemListElement":[{"@type":"ListItem","position":1,"name":"Startseite","item":"https:\/\/wli.online\/"},{"@type":"ListItem","position":2,"name":"Optik"}]},{"@type":"WebSite","@id":"https:\/\/wli.online\/#website","url":"https:\/\/wli.online\/","name":"WetLabeling-Initiative","description":"","potentialAction":[{"@type":"SearchAction","target":{"@type":"EntryPoint","urlTemplate":"https:\/\/wli.online\/?s={search_term_string}"},"query-input":{"@type":"PropertyValueSpecification","valueRequired":true,"valueName":"search_term_string"}}],"inLanguage":"de"}]}},"_links":{"self":[{"href":"https:\/\/wli.online\/index.php\/wp-json\/wp\/v2\/pages\/93","targetHints":{"allow":["GET"]}}],"collection":[{"href":"https:\/\/wli.online\/index.php\/wp-json\/wp\/v2\/pages"}],"about":[{"href":"https:\/\/wli.online\/index.php\/wp-json\/wp\/v2\/types\/page"}],"author":[{"embeddable":true,"href":"https:\/\/wli.online\/index.php\/wp-json\/wp\/v2\/users\/1"}],"replies":[{"embeddable":true,"href":"https:\/\/wli.online\/index.php\/wp-json\/wp\/v2\/comments?post=93"}],"version-history":[{"count":25,"href":"https:\/\/wli.online\/index.php\/wp-json\/wp\/v2\/pages\/93\/revisions"}],"predecessor-version":[{"id":131,"href":"https:\/\/wli.online\/index.php\/wp-json\/wp\/v2\/pages\/93\/revisions\/131"}],"wp:attachment":[{"href":"https:\/\/wli.online\/index.php\/wp-json\/wp\/v2\/media?parent=93"}],"curies":[{"name":"wp","href":"https:\/\/api.w.org\/{rel}","templated":true}]}}